-14
What is -382 + 385 - (19 + -1 - (6 - 4))?
-13
32 + 20 + -62 - (-1 - -2)
-11
What is the value of (2 - -17) + -195 + 179?
3
Calculate -47 - (8 + -14) - -46.
5
13 + (-7 - (0 - (2 + 1 - 3)))
6
What is (-2 - 0) + 1 + (221 - 200)?
20
What is the value of (18 - 1) + 153 + -163?
7
Evaluate (13 - (51 + -4)) + 14.
-20
(-3 + 1 - -6) + (-23 - -20)
1
What is the value of (-5 - (11 - 7) - 0) + 20?
11
Calculate -12 + (-1 - -8) + 4 + 3.
2
Calculate -20 - (9 + -16 - 27).
14
What is 3 + (-1 - (-9 + 15 + -8))?
4
What is 17 + 2 + -27 + 13?
5
Evaluate 18 - (12 - 24 - 3) - 6.
27
Calculate -1 - (-1 + 3) - (9 - (-30 + 31)).
-11
Evaluate 0 + -3 + 5 + (-7 - 6) + 17.
6
What is 11 - (-17 - -27) - (0 - -7)?
-6
Calculate 1 + 5 - 6 - (-2 + -1).
3
Calculate -4 + 7 + (1 - (1 - 26)).
29
What is the value of 1 + -31 + 63 + (37 - 104)?
-34
Calculate 98 - 132 - (-23 - -4).
-15
Evaluate 4 - -2 - ((23 - 0) + -23).
6
Evaluate -11 + 0 - ((-7 - -8) + -6) - -8.
2
What is 13 - ((-4 + 4 - 1) + -1 + 4)?
11
-24 - (-1 - -3 - 11)
-15
11 + -4 + 2 + 1
10
Evaluate 3 + 12 + -8 + -5 + 1.
3
What is the value of 524 + -534 - ((2 - 1) + 0 + -6)?
-5
Calculate -15 + 3 + 20 + 5 + -2.
11
Calculate 14 + 16 + -5 - 5 - -15.
35
26 - ((-17 - -40) + 19)
-16
What is 5 + 14 - (2 - -23)?
-6
What is the value of (5 - 11 - (1 - 3)) + (14 - -1)?
11
Calculate -184 - -172 - (-7 + 0).
-5
Evaluate (-2 - 3) + (-36 - (-33 + -27)).
19
What is (-13 + 16 - -7) + (-21 - 3)?
-14
What is the value of (-1 - -13) + -17 + 48 + -45?
-2
What is 38 - (-9 + 0 + 25)?
22
What is the value of (-4 - -1) + (-19 - (14 + -25))?
-11
What is (-284 - -285) + 2 + -10 + 1 + -6?
-12
What is the value of 11 - (-23 + (38 - 0))?
-4
What is the value of -12 - (-16 - (-11 + 3 + -4))?
-8
What is the value of -9 - 1 - (-450 - -426)?
14
Evaluate -16 + (-431 - -447) + (-26 - 0).
-26
What is 4 + -30 + 11 + 32 + -26?
-9
What is -4 - (-49 + 1 + 23)?
21
(11 - (17 - 12)) + -6
0
Calculate -19 + (-24 - -61) + -32.
-14
What is 3 + -9 - ((-3 - 14) + 20)?
-9
-18 - (23 + -16 - 22)
-3
Evaluate -17 + 10 + -17 + 36.
12
17 - 15 - (4 + -7 - 9)
14
What is the value of (-13 + 6 - 7) + -9 - -10?
-13
Calculate 14 + (-3 + 2 - -1) + (-21 - -18).
11
Evaluate -4 + -17 + (-3 - -14).
-10
What is the value of 17 - (-11 + 2) - 14?
12
5 + -16 + 5 + (9 - -10)
13
-3 - (3 - -6) - (-45 - -59)
-26
Evaluate (-21 - -2 - -3 - (-54 - -46)) + 21.
13
What is (-3 - (4 + -4)) + (-11 - -4) + 10?
0
What is 12 + (8 - 42) + 20?
-2
2 + 6 + (-5 - -2 - 3) - -10
12
What is -36 + 84 + (-24 - 4)?
20
35 - 0 - (-106 - -126)
15
What is 48 + -2 + -14 + (-8 - -6)?
30
Evaluate -1 + -1 - (24 - 4 - 36).
14
What is -46 + 58 + -22 + -2 - (-5 - 1)?
-6
Evaluate -200 + 203 - (15 - -1).
-13
Calculate -1 + 5 + -4 + (-7 - -11).
4
Calculate 22 + -59 - (-46 - 21).
30
Calculate -6 - -14 - (-7 + -2 - (-34 + 14)).
-3
Evaluate -12 - -11 - (0 - (-5 - -4 - 0)).
-2
What is -1 + (-179 - -201) + 0 + 0 + -5?
16
What is the value of (15 - -9 - 23) + 2 + (-1 - -13)?
15
What is the value of 1 - 29 - (4 + (-5 + 15 - 14))?
-28
1 + 2 - (-19 - (-32 + 10))
0
-10 - (37 + -25) - -23
1
What is -1 - (3 - (1 + 1)) - (102 - 96)?
-8
-33 + (5 - (9 - 7)) + 10 + 1
-19
Calculate 1 + 33 - (45 - (25 - -8)).
22
What is 13 + -3 + -12 + 19 + (-4 - -6)?
19
7 + -10 - 3 - 2 - -7
-1
What is -3 - (1 - 11 - (3 + -9)) - -4?
5
What is (-8 - -14) + 13 - 20 - (1 + -1)?
-1
366 + -363 - (0 + 3) - 12
-12
What is 3 + 1 + 7 + -18 + 19?
12
Evaluate 0 - (3 + 3 + 9 + -5 + -3).
-7
What is the value of 19 - (7 - -17) - 9?
-14
What is 5 - 6 - 0 - ((-7 - -18) + -4)?
-8
-60 - (26 + -37 - 17)
-32
What is the value of -9 - (291 - 290 - (-12 + -1))?
-23
Calculate 2 + (19 - (12 - -5)).
4
Evaluate (-13 + -18 - -21) + -2 - (-43 + 1).
30
What is the value of -30 + 35 - (-4 - 0)?
9
What is -16 - (-30 + 14 + -8)?
8
Calculate 1 + 73 - (-923 - -966).
31
What is the value of 18 + -18 + -11 - -11?
0
Evaluate (-20 + 12 - -6) + -11 - -30.
17
What is the value of (1015 - 1013) + 5 + (0 - 1)?
6
Evaluate -26 + 1 + 63 - 20.
18
What is -6 + -10 + 5 + -4 + 15?
0
What is the value of (7 - (34 + -7)) + -7 - -8?
-19
What is the value of (6 - (-16 - (-6 + -22))) + 7?
1
What is the value of -1 + 1 - (-67 - -68) - -7?
6
What is the value of -19 + (40 + -14 - 43)?
-36
What is the value of 24 - (-25 - (-73 + 22))?
-2
Evaluate (30 - (18 - -3)) + 3 - (2 - -1).
9
Calculate 21 + (-37 - 10) + 29.
3
-12 - 2 - (-123 - -124) - 6
-21
Calculate 6 + (-1 - (-3 + 2 - 4)).
10
What is -9 - -1 - (-24 + -2 - (121 + -123))?
16
2 + (1 - 5 - -2) + 22 + -13
9
What is 8 - (-4 + (7 - -16) - 37)?
26
-6 - -5 - (12 - 15 - (-2 - 12))
-12
What is -8 + (-1 - (0 + -2)) + (229 - 233)?
-11
Evaluate -1 - (0 - (8 - (2 + 1))).
4
What is the value of 35 + -27 - -26 - 23?
11
Evaluate -10 + (12 - (12 + -28)).
18
8 - ((11 - (14 - 22)) + 6)
-17
What is -18 + (-9 - -13) + -9 + 0?
-23
17 - (13 - -1) - -14
17
Evaluate -16 - (14 - 19 - 1).
-10
Evaluate (-2 - -1) + (-14 - -4) - (-75 - -77).
-13
Calculate (0 + -5 - -10 - -8) + (-5 - 2).
6
What is -1 - -9 - (-14 - -11) - -5?
16
Calculate -34 + 33 + 5 - 34.
-30
What is the value of -1 + 4 - (31 + -30) - (-10 + 21)?
-9
Calculate -20 - (-15 - -25 - 23).
-7
What is -7 + 5 + 0 + -4 + 6 + 9?
9
What is 11 + -11 + -8 - -15?
7
0 + (10 + -22 - -14) + -3
-1
Evaluate (-9 - -6) + 3 - (-37 + 36).
1
Calculate (-12 - -17) + 1 - (-3 + 3 + 17).
-11
Evaluate -4 - (-66 - -67 - (11 + -3 + 1)).
4
Evaluate (4 - (-7 - -8)) + (0 - 15) + 0.
-12
(37 - (29 + 4)) + 17
21
8 - ((-7 - -15) + -5) - (29 - 32)
8
-32 + (37 - (-14 - -29))
-10
What is -6 + -5 + (-4 - -2) + 5?
-8
6 - ((0 - 7) + -53 + 55)
11
What is the value of ((10 - -2) + -6 - -8) + -5?
9
Calculate 7 + (8 - -1) + -19.
-3
2 - 17 - ((2 - 2) + -9)
-6
Calculate 25 - 21 - (1 + (-2 - -2)) - 1.
2
What is 14 + (-6 - -3) + (-8 - (-6 - -2))?
7
What is 14 - ((62 - 7) + -23)?
-18
What is the value of -12 + 12 + 3 + -2?
1
(1 + -46 - -15) + 19
-11
30 + -54 + 47 + (14 - 0)
37
10 - (31 - (-6 + -11 + 23))
-15
What is the value of -13 - ((-5 - -9) + -8 - (-2 + 4))?
-7
Calculate 17 - (0 + (7 - 3)) - (12 + -15).
16
What is the value of (16 - (-9 - -1)) + -21?
3
What is the value of 3 + -1 - (1 + 0 + -1)?
2
What is (-2 - -6) + (-19 - -12) - -9?
6
Evaluate -14 + (12 - 13) + (1 - -5 - 4).
-13
Calculate (-88 - (-85 + 3)) + (26 - 1).
19
What is the value of 2 - (2 - -4 - (6 + -2 + 1))?
1
(2 - (-18 - -3)) + 0 - (-1 - -5)
13
What is -1 + 6 - (4 - 11 - -7) - 15?
-10
What is 3 + -21 + 3 + (51 - 47)?
-11
What is (-8 - (3 + 0 - 8) - -6) + -18?
-15
Calculate -7 + (10 - (8 - (10 + 4 + -9))).
0
Calculate 2 - (3 + -7) - 20.
-14
Evaluate 1 - (12 + 2 + -20 + 5).
2
-474 + 455 + (7 - 0) + (-2 - -3)
-11
What is the value of -10 - (10 + -15) - (-3 + -13)?
11
-71 + 67 + 10 + 2 - (0 + 13)
-5
(1 + 22 + -7 - 8) + -31
-23
Calculate 17 + (-28 - -11) - 16 - -33.
17
What is the value of -6 + (3 - -11) - ((-1 - -11) + -12)?
10
Evaluate 12 + 2 + -10 + 2 + -6.
0
Evaluate -20 + -54 + 26 - -57.
9
-3 - (33 - (-8 - -26))
-18
What is (18 - 17) + -4 + 4 + -1?
0
Calculate -12 - (3 - 16) - (34 + -18).
-15
Calculate (-8 + 11 - -1) + (-5 - -8) - 10.
-3
What is the value of -2 + 19 + (2 - (16 - 10))?
13
What is (0 - (0 + -30)) + (78 - (165 + -78))?
21
(-9 - -2) + (11 - (-8 + 11 + 5))
-4
What is the value of -51 - -5 - -43 - -9?
6
35 + (17 - (19 - -34))
-1
What is 105 - 51 - 45 - (-1 - -4)?
6
What is 0 - -8 - (44 + -27)?
-9
Calculate -48 - (-1 + 2) - (6 - 17 - -1).
-39
What is the value of -4 - (-3 - ((7 - 12) + -2))?
-8
What is the value of -3 + (2 - 2 - (51 - 37))?
-17
What is the value of 1 + 27 - (105 + -70)?
-7
What is -3 + -46 + (0 - (-6 + -8))?
-35
Calculate (2 - (-24 - 0)) + -159 + 148.
15
Calculate -3 + -7 - (75 + -74).
-11
What is the value of 0 + 2 + (-12 - -10) + (1 - -11)?
12
29 + -3 - -3 - 28
1
-4 + (-3 + 8 - (-15 + 17))
-1
Evaluate -36 - -50 - 24 - 3.
-13
What is (-11 - -59 - 38) + (8 - 4)?
14
Evaluate (1 - (-14 + -13)) + -17.
11
Evaluate -6 + 10 + (4 - (9 + -3)).
2
What is the value of 1 - (2 + 4) - (4 + -7 + -5)?
3
What is -2 + 3 + -10 + -2 + (-19 - -2)?
-28
Evaluate (-1836 - -1835) + (-1 - -8).
6
What is (-41 - -18) + 17 + 21 - 17?
-2
What is 10 - (-11 + (-14 - -18) - 9)?
26
Calculate -5 + (16 - ((12 - 6) + -6 + 4)).
7
What is -24 + (-17 - (-25 - 32))?
16
-9 - (-25 + -11 + 17)
10
What is the value of 23 - (-1